
Let c(d) = -1089*d**3 - 2*d**2 - 9*d + 1. Is c(-3) composite?
True
Suppose -1583 = -4*l + 96197. Is l a prime number?
False
Let i(n) = 18*n + 1. Let o be i(-10). Let w = 736 + o. Is w prime?
True
Let f be 9/(-12)*(-12)/(-3). Is -2 + (732 - -4) + f composite?
True
Let n(w) = 2*w**3 - 3*w**2 - 7*w + 11. Let j(m) = m**2 - 18*m + 25. Let d be j(17). Is n(d) a composite number?
False
Suppose 0 = 5*x - 5*f - 5235, -x - f + 1032 = f. Suppose g - x = 5*n, 3*n = 5*g - 1983 - 3293. Is g prime?
False
Let o = 13 - 8. Suppose 48 = t + o*z, -4*t + 215 = -6*z + 3*z. Is t prime?
True
Suppose 4 = 4*g - 4. Suppose 0 = -10*o - 41 + 6371. Suppose -o = -l - g*l. Is l a composite number?
False
Is 4/(3 + 1)*2722 a composite number?
True
Suppose h + 12 = 5*h, 4*n - 3*h - 379 = 0. Suppose 5*o = -4*z + 63, 3*z - o - n = -26. Is z prime?
False
Let f be -342*(3 - (4 + 0)). Let z = f + 337. Is z a composite number?
True
Suppose 32*v = 19506 + 255982. Is v a composite number?
False
Let j(f) = 111*f**2 - 67*f - 37. Is j(28) a prime number?
False
Let t be -8*((-36)/(-63) - (-30)/(-28)). Suppose -t*g = y + y - 2154, 3*y - 3*g = 3276. Is y a prime number?
True
Let v(m) = 50*m**2 + 5. Suppose -6*x + 2*x + a = -18, 0 = -4*x - 2*a + 24. Let l be v(x). Suppose w + 4*w = l. Is w a composite number?
False
Let u be ((-12)/(-5))/((-7)/35). Let l = u - -27. Suppose -104 + l = -t. Is t a prime number?
True
Let o(h) be the first derivative of 3*h**4/4 - 11*h**3/3 + 3*h**2 + 9*h - 1. Is o(8) composite?
True
Let o(l) = l + 8. Let w be o(-8). Is 3*86/6 + 4 + w a composite number?
False
Is -1 - (-8943 + 2 + -1) a composite number?
False
Let q be (4 - 5)/(-1 - (-1)/2). Suppose q*l = -4*z + 8*z + 922, -2*l + 910 = 2*z. Is l a prime number?
True
Let m = 791 + -354. Is m prime?
False
Let v = -1721 + 2638. Is v a composite number?
True
Suppose -8*j = -3*j - 19155. Is j a composite number?
True
Let d be 272/6*(133/4 + 2). Let h = d - -407. Is h prime?
False
Let o(z) be the second derivative of -z**4/12 - 2*z**3 - 5*z**2 - 66*z. Let w = -15 - -8. Is o(w) composite?
True
Suppose 23 = c - 3*x, -5*c = 5*x - 38 + 3. Is (1296 - (-6 + c)) + 0 + 0 a prime number?
True
Let g(c) be the second derivative of -c**5/20 + 5*c**4/4 + c**3/3 - 11*c**2/2 + 2*c. Is g(15) a composite number?
False
Let c(u) = -u + 14. Let b be c(12). Is (3460/10)/(8/b)*10 a composite number?
True
Suppose 0 = 3*k - 13*k + 8410. Is k a prime number?
False
Let h(w) = 31*w**3 - 2*w**2 + 4*w - 4. Is h(7) composite?
False
Suppose 395 = -5*s - 2*j, 18*s - 5*j = 13*s - 430. Let r = 36 + -150. Let t = s - r. Is t a composite number?
True
Suppose j + 4746 = -5*m, 3*j + 387 + 2463 = -3*m. Let d = m + 1686. Is d prime?
False
Let q(y) = -26*y - 1. Let p(c) = c**2 + 2*c - 1. Let l be p(1). Suppose 4*r + 29 = -3*z, -r - 2 = -l*z - 3. Is q(z) composite?
True
Suppose 5*m - 16 = 24. Let g(l) = 258*l - 13. Is g(m) composite?
True
Let z = 13231 + -5330. Is z composite?
False
Let y(f) = -250*f**3 + 2*f**2 - f - 2. Suppose h = 2 - 3. Is y(h) a prime number?
True
Let f be (-3 - 0)*(-130)/(-3). Suppose 0*x + 576 = -3*x - 4*m, -2*x - 382 = 2*m. Let i = f - x. Is i a prime number?
False
Is (18766/(-3))/((-13)/(-3) - 5) prime?
False
Suppose -5*t = 3*l - 31589, 42518 - 10923 = 3*l + 2*t. Is l a prime number?
False
Let h = 3148 - 986. Let v = h - 1499. Suppose -p - 2*p = -v. Is p a prime number?
False
Let b be -1*(-2 + -5 + 0). Suppose -3*y + 4*p = -531, -2*y + 3*p = -b*y + 856. Let o = -120 + y. Is o prime?
True
Let n(t) = -t. Let x(y) = 249*y + 5. Let z(o) = 2*n(o) + x(o). Is z(3) prime?
False
Let l(f) = -3*f**3 - 3*f**2 - 3. Let i be l(-7). Let r = -28 + 30. Suppose -u - 4*a = -269, r*a + 400 = 5*u - i. Is u composite?
False
Suppose q - j - 5210 = 0, 5*q - 11675 - 14354 = -2*j. Is q prime?
False
Let t be (-1 - 3)/(5/10). Let j be (4/t)/1*-74. Suppose u - 40 = j. Is u a prime number?
False
Suppose 4*r = -15*r + 52687. Is r a composite number?
True
Let t(a) = 87*a - 70. Is t(11) prime?
True
Suppose 4*o = -2*j - 12, 9 = 2*j - 2*o - 3. Suppose -j*s = 2*s. Suppose s = -5*g - 2*r + 3815, 4*r + 1927 - 401 = 2*g. Is g composite?
True
Let a(u) = 549*u + 8. Let y be a(3). Suppose o + y = 6*o. Is o prime?
True
Let j be 1552/(-12)*(-30)/5. Let w = -357 + j. Is w a composite number?
False
Let n be (1 + -10)*24/(-18). Suppose 2*r = -6 - 0. Is (r/n)/((-1)/236) prime?
True
Suppose 5*z = 10*z - 2865. Is z prime?
False
Let u = 4 + -10. Let p(a) = 15*a**2 - 4*a - 7. Is p(u) prime?
True
Suppose 6*n = -5221 + 18439. Is n prime?
True
Suppose 9840 - 875 = 5*z. Let u = z - 328. Is u a composite number?
True
Suppose -5*x = -134*c + 137*c - 68248, -2*x + 27293 = -5*c. Is x a prime number?
True
Let d = 10696 - -2421. Is d a prime number?
False
Let v(q) = -q + 12. Let f be v(10). Let n(y) = -6 - 15*y - y**2 + 7*y**2 + 2*y**f. Is n(11) a prime number?
True
Let x = -44 - -47. Let w(q) = 33*q**3 + 2*q**2 + q + 2. Is w(x) a prime number?
False
Suppose 4*b - b = 9. Suppose -646 = -2*h - 2*w, h + 3*w = -b*h + 1288. Is h a prime number?
False
Is -1 - -2810 - -1 - 63/21 composite?
True
Is 4/((-16)/386)*(-2 - 2) composite?
True
Suppose -m = f, -2*f = -5*m + 2*f + 27. Let y be 1*(-2 - -3)*m. Suppose -y*k = -6, 2*u + 2*k = -u + 2065. Is u a prime number?
False
Let u(f) = -f**3 - 7*f**2 + 9*f + 10. Let t be u(-8). Suppose 3*o = t*v - 5*v - 12, 0 = -2*v - 3*o - 7. Let j(m) = -20*m - 7. Is j(v) composite?
True
Let t(d) = 6*d + 13. Is t(13) prime?
False
Suppose 17*c = 16*c + 10. Suppose -2*s + b + 2737 = 0, c*b - 5 = 5*b. Is s composite?
True
Is 3597 + (-6 + 8)*-2 prime?
True
Let s = -9091 + 12786. Is s prime?
False
Suppose -43*d + 124816 = -27*d. Is d a prime number?
False
Suppose 2*f + 2033 - 11907 = 0. Is f a prime number?
True
Suppose 3*h = 1 + 8. Is 419*3/(-9)*-1*h a prime number?
True
Let m(n) = 7*n**2 + 6*n - 3. Suppose -3*q - 7 = -2*q. Let u be m(q). Suppose -p = p - u. Is p a composite number?
False
Let y = 36827 + -20208. Is y a prime number?
True
Is (-4*2/(-32))/((-2)/(-12776)) composite?
False
Let p = -41 - -36. Is (480/9 - p) + (-2)/(-3) prime?
True
Let z = 9198 - 5829. Is z composite?
True
Suppose 13*u - 18741 = 10*u. Is u composite?
False
Suppose -1 = 2*v + 7. Let n be 1/((6/v)/3). Is 787/(-3 + (2 - n)) a composite number?
False
Let c be 2/((-18)/21)*-585. Let f = -886 + c. Is f composite?
False
Let h be -6*(4/(-3))/2. Suppose -13*d = -12*d - h. Suppose 0 = 6*g - d*g - 1222. Is g prime?
False
Suppose 3*g + 18960 = 4*r - 23959, -5*r + 53647 = -2*g. Is r a composite number?
False
Suppose -j = 5*z - 6*j - 15, -13 = -2*z - 5*j. Let a(m) = 8*m**3 - 2*m**2 + 7*m + 9. Is a(z) composite?
True
Let n(a) = 50*a + 45. Suppose 2*v - 9 - 1 = 0, 2*g - 3*v + 1 = 0. Is n(g) composite?
True
Is (96702/30)/(3/15) a composite number?
True
Let x be (-83)/2*20/5. Let g = -89 - x. Is g prime?
False
Suppose 48*b - 776706 = 27*b. Is b a composite number?
True
Let b = -14994 - -9914. Let h = 7787 + b. Is h composite?
False
Is (874700/125)/(2/5) composite?
True
Suppose -1 + 7 = f. Let u be (f/14)/((-2)/(-14)). Suppose 385 = 8*g - u*g. Is g prime?
False
Let p(v) = 6*v - 9. Let i = 4 - -9. Let d = i + -6. Is p(d) a composite number?
True
Is 2935*(-1)/(3 + -1 - 3) a prime number?
False
Suppose 0 = -4*n + 10 + 2, 3*m - 3*n + 3 = 0. Let k be -2*((-27)/6 + m). Suppose -4 = 2*z - 0, k*z + 8 = -u. Is u prime?
True
Let k be (-1)/(4 - (-226)/(-56)). Let x = -23 + k. Suppose -796 = s - x*s. Is s prime?
True
Let l = 25 + -22. Suppose 5*w + 3288 = l*s + 4*w, 4*s - 3*w = 4379. Is s composite?
False
Let x = 1747 + -927. Let a = x + -489. Is a composite?
False
Let g(r) = 2*r - 9. Let s(b) = -18*b**2. Let l be s(-1). Let x be ((-3)/(-2))/(l/(-96)). Is g(x) a prime number?
True
Let v = 471 + -240. Suppose v*h - 236*h = -1085. Is h a composite number?
True
Let x(c) = -4*c**3 - 2*c**2 - 4*c - 2. Let j be x(-2). Suppose -2*s - 2*s + j = 2*p, -s - p + 10 = 0. Suppose 3*u = -r + 995, s*u = r + r + 1651. Is u prime?
True
Suppose 6*o = o, 75 = 5*y + 5*o. Suppose 20 = 19*x - y*x. Suppose 2756 = x*b - b. Is b a composite number?
True
Let s(y) = 64*y**2 + 2*y + 1. Let p(d) = 127*d**2 + 4*d + 1. Let o(w) = 3*p(w) - 5*s(w). Is o(-3) a composite number?
False
Let z(l) = -21*l**3 - 11*l**2 - 5*l - 3. Let v(s) = 11*s**3 + 6*s**2 + 2*s + 2. L